 - 5*b + 17. Let z(f) = 4*k(f) + 7*y(f). Give z(-5).
10
Let t(s) = -s**3 + 6*s**2 + 4*s - 2. Let z be t(6). Let q be z/5 + 2/(-5). Let b(n) = -3*n**2 - 2*n**2 + q + 4*n**2. What is b(0)?
4
Let y(s) = 25 + 22 - 72 + 21 + s. Let l = 0 - -3. Suppose -k = l*k. Determine y(k).
-4
Suppose 4 + 7 = y. Let z(s) = 10*s**2 + 3*s - 3*s - 3*s**2 + 6. Let i(t) = -13*t**2 - 11. Let g(d) = y*z(d) + 6*i(d). Give g(2).
-4
Let b(o) = o**3 + o - 8. Let q = 64 - 64. Give b(q).
-8
Let r(y) = 4*y**2 - 3*y**2 + 3*y**2 + 1 + 2*y. Determine r(-1).
3
Let k(d) be the third derivative of d**8/20160 + d**7/5040 + d**6/720 - d**5/60 + d**2. Let f(b) be the third derivative of k(b). Let p = -1 + -1. What is f(p)?
3
Let o be (6 - 6)/(-2 + 0). Let l(h) = o + 3*h - 2 - 2*h + 8. Let p(v) = v**3 - 2*v**2 - 2*v - 1. Let r be p(2). What is l(r)?
1
Let o(l) = l. Let x be (2/(-5))/((-8)/120). Let h be (4/x)/(5/(-15)). Determine o(h).
-2
Let j(f) = f - 3. Let d = -3 + -2. Give j(d).
-8
Suppose -2*z - 6 = -0, r - 8 = z. Let t = r + 0. Let n(l) = t*l**2 + 5*l + 2 - l - 4*l**2. Calculate n(-5).
7
Let z(i) = -3*i + 2 + 4 - 3 - i**2. Let s(u) = u**3 + 3*u**2. Let b be s(-3). Let a = b - -2. Give z(a).
-7
Let n(y) = -y - 1. Let w(f) = -9*f**2 - 7*f - 7. Let g(u) = 6*n(u) - w(u). Determine g(-1).
9
Let i(l) = -3*l + 11 - 13 + 9*l - l**2. Let w = 5 + 0. Determine i(w).
3
Let o(a) = 4*a**3 - 2*a**2 + a. Let g be o(1). Suppose -2*m - m - g = 0. Let d(s) = -7*s + 1. What is d(m)?
8
Let f(g) be the second derivative of g**5/20 - g**4/3 + g**2 + 7*g. Determine f(4).
2
Let h(f) = -87*f + 42*f + 0*f**2 + f**2 - 3 + 56*f. What is h(-10)?
-13
Suppose -3*o - 21 = -z, -5*o - 61 = -2*z - 24. Let a(y) = 6 + 2*y**2 + 8*y - 4*y**2 - 3*y + y**2. Determine a(z).
0
Let j(t) = 2 - 2*t - t**3 + 4*t**2 - t**3 - t. Let u(y) = -y**3 - 17*y**2 - 17*y - 13. Let g be u(-16). Suppose -3 - 3 = -g*b. Determine j(b).
-4
Let b(u) be the second derivative of -u**3/3 + u**2/2 + 6*u. What is b(3)?
-5
Let q(l) be the second derivative of -l**4/12 + 4*l**3/3 - l**2 + l. What is q(3)?
13
Suppose -21 - 9 = -5*b. Let c(r) be the third derivative of -r**7/5040 + r**6/240 - r**5/30 + r**2. Let k(t) be the third derivative of c(t). What is k(b)?
-3
Suppose 0 = 3*m - 5 - 4. Let b(i) = -5*i**3 - 6*i. Let a(y) = 14*y**3 + y**2 + 17*y + 1. Let o(r) = m*a(r) + 8*b(r). Calculate o(-2).
-7
Let n(a) = 3*a - 4. Let h = -7 + 11. Let g be 0 - (-1 + 3)*h. Let c = 11 + g. Give n(c).
5
Let y(o) = -5*o - 40 - 2*o**2 + 20 + 17. Determine y(-3).
-6
Suppose -2*c + 4*n = -14, -c + 31 = 2*c + 4*n. Let y(v) = 0*v**2 - 2*v**3 - c*v + 3*v**2 + 13*v - 3 + v**3. Calculate y(3).
9
Let y(j) = j**3 + 3*j**2 - j - 3. Let d = -6 - -3. Give y(d).
0
Let a be -9 - (0/2 + -2). Let r = 12 + a. Let j(i) = -2*i + 1 + r - 1. What is j(4)?
-3
Let i(t) = -10*t**2 + 11*t - 4. Let b(h) = 22*h**2 - 23*h + 8. Let y(f) = 4*b(f) + 9*i(f). Determine y(5).
-19
Let d(t) = -t**3 + 9*t**2 + 12*t + 1. Let y(l) = -l**3 + 8*l**2 + 11*l. Let f(g) = 4*d(g) - 5*y(g). What is f(5)?
-6
Let r(d) = d**2 + 5*d - 5. Suppose -2*m + 2*g = -0 + 14, -4*m - 3*g = 14. What is r(m)?
-5
Let i(l) = -21 + 2 - l + 2*l + 14. Suppose 49 = 5*x + 19. Give i(x).
1
Let m(n) = n - 8. Let j be m(7). Let w(s) = -s. What is w(j)?
1
Suppose 0*b + 5*y = -3*b + 47, b - 17 = -3*y. Suppose -4*p = 3*s - 6 - 5, -4*p = -2*s + b. Let x(w) = w**3 - 5*w**2 - w + 2. Give x(s).
-3
Let o(s) = -7*s**2 + 27*s - 27. Let w(p) = -11*p**2 + 41*p - 40. Let k(t) = 8*o(t) - 5*w(t). Let u be k(9). Let v(f) = -f**2 + 5*f - 2. Give v(u).
4
Let t(i) be the third derivative of i**4/24 + 5*i**3/6 - 37*i**2. Suppose s - 2*s = 0. Let l be t(s). Let k(d) = d**2 - 6*d + 1. What is k(l)?
-4
Let y(p) = p**3 + 8*p**2 + 3*p + 9. Let j be y(-8). Let l = j - -13. Let q(h) = -h**2 - h + 2. Determine q(l).
0
Let l(z) be the second derivative of z**3/2 + 3*z**2/2 - 2*z. Suppose 4*p - 15 = -23. Determine l(p).
-3
Let x(v) be the first derivative of 2*v**2 + 1/3*v**3 - 4*v + 3. Suppose -2*w = -6*w - 8, -2*t - 2*w - 10 = 0. Give x(t).
-7
Let w(q) = 2*q**2 - 3 + 6 - 3*q**2 + 2*q. Suppose 4*z + 32 = -4*n, 1 + 1 = z - 4*n. Let x be 2/(-4)*z - -1. Determine w(x).
-5
Let f(h) = h**3 + 5*h**2 - 8*h - 9. Let w = 0 + 6. Suppose 4*u = -w - 18. Give f(u).
3
Suppose -2 + 4 = -2*r. Let a(n) = 1. Let q(t) = -3*t + 1. Let b(v) = r*q(v) - 2*a(v). Calculate b(2).
3
Let n(j) = 2*j. Let m = 15 + -11. What is n(m)?
8
Let h(a) be the third derivative of a**4/24 + a**3 - 21*a**2. What is h(-5)?
1
Let n(v) = -6 - 69*v + 3 + 67*v. Give n(-5).
7
Let n(x) = x - 8. Let d(a) = 2*a**2 - 3*a - 2. Let k be d(2). Determine n(k).
-8
Suppose 5*r - 2*r = 12. Let v(y) = -y**2 + 3*y + 2. Calculate v(r).
-2
Let m(q) be the second derivative of q**3/2 + q**2/2 - 7*q. What is m(1)?
4
Let s(r) be the first derivative of -r**3/3 - 2*r**2 - r + 4. Let n = -6 + 2. Determine s(n).
-1
Suppose -3*t + 1 = -4*t. Let o = -4 + t. Let x(p) = -p**3 - 5*p**2 + 6. Give x(o).
6
Let p be (2 - (5 - 2)) + 8. Let r = p - 12. Let g(f) be the second derivative of f**3/6 + 9*f**2/2 - 2*f. Determine g(r).
4
Let f be -2 + (-3 - (2 - 7)). Suppose -4*y - 1 = -3*d, f = d - 2*d - 5*y - 25. Let b(q) = q**3 + 4*q**2 - 5*q + 7. Give b(d).
7
Let h(d) = 30*d + 3 - 18*d - 13*d. Let n be (-2)/(-9) + 86/18. What is h(n)?
-2
Let o(s) be the third derivative of 5*s**4/24 + s**3/3 + 4*s**2. Suppose -5*h + 1 = -4. Let r be (3 - h)*(2 - 3). Give o(r).
-8
Let p(j) = -31 + j + 13 + 0*j + 17. Let g(o) = -o**2 - 6*o. Let d be g(-6). Give p(d).
-1
Let v(k) = 5*k + 4. Let y(d) = 21*d + 17. Let p(t) = 26*v(t) - 6*y(t). Give p(-2).
-6
Suppose -13*d - d = 42. Let t(z) = 3*z + 3. What is t(d)?
-6
Let g(y) be the third derivative of y**5/60 - y**4/8 + y**3/2 + 9*y**2. What is g(4)?
7
Let q(f) = -f**3 + 4*f**2 - f - 1. Let o be (-455)/(-143) - (-6)/(-33). Determine q(o).
5
Let u(k) = -k - 9 - k - 2*k + 5*k. Suppose 0 = -p + 2*v + 10, -25 = -5*p - 5*v + 25. Suppose 5 + p = 3*n. What is u(n)?
-4
Suppose 5*u - 15 = 25. Suppose -3*z = -z + u. Let m(c) = -3*c - 3. Give m(z).
9
Let m(q) = -4*q - 2. Let w(l) = 11*l + 7. Let y(v) = 8*m(v) + 3*w(v). Let h be (-1 + 0)/(3/18). Let o(n) = -n**2 - 7*n - 6. Let j be o(h). Determine y(j).
5
Let o be 8/(2/2) + 2. Suppose 0*a = 5*a + o. Let t(h) = -h**3 - h**2 - 3*h - 1. What is t(a)?
9
Let o = -16 - -35. Let r = o + -14. Let k(t) = t**3 - 6*t**2 + t + 7. Calculate k(r).
-13
Let z be 5 + 2 + -4 - 0. Suppose y = z*y + 8. Let m(u) = 0*u**2 - 4*u**2 + 0*u - u**3 + 3*u + 6. What is m(y)?
-6
Suppose -5*k + 20 = 2*s, s - 2 = 2*k - 10. Let m = s + -3. Let j(r) = -r**3 - 4*r**2 - 3*r - 4. Determine j(m).
-4
Suppose 18 = 4*v + 6. Let m(a) be the third derivative of -2/3*a**v + 7/24*a**4 - 3*a**2 + 0 - 1/60*a**5 + 0*a. Calculate m(5).
6
Let o(d) = d + 5. Let l(m) = 3 + 3 - 5 + 3 + m. Let z(n) = -6*l(n) + 5*o(n). Calculate z(0).
1
Let h(y) = y**3 + y**2 + 2*y + 1. Let x = -15 - -21. Suppose 0*w + 16 = t + 2*w, 5*t + 2*w = 40. Let j be (t - 1)*x/(-15). Determine h(j).
-7
Let t(l) = l. Suppose 2*p - 2*k = -20, p + 3*p + k + 20 = 0. Let u(s) = 5*s - 1. Let w(x) = p*t(x) + u(x). Determine w(-6).
5
Let b(s) = s**2 - 1. Let v be -1*(2 + -6 + 1). Suppose -4*f - 1 = v. Give b(f).
0
Let z(d) = d + 3. Let x be 4/(-6) - 54/(-81). What is z(x)?
3
Let a(d) = 3*d**2 - 4*d - 2 + 4*d**2 - 3*d**2. Let f(r) = -9*r**2 + 9*r + 3. Let b(k) = k**2 - 5*k + 3. Let u be b(5). Let y(j) = u*f(j) + 7*a(j). What is y(4)?
7
Let o(g) = 2*g**2 - 3*g**2 - 12 + g - 5*g - 6*g. What is o(-9)?
-3
Let o(y) = 2*y + 7. Suppose 0 = -3*b - 5 - 7. Let n = -1 + b. Give o(n).
-3
Let f(n) = -n - 5. Let k = 8 + -9. Let q be 3 + 0 + (k - -2). Calculate f(q).
-9
Suppose -4*h - 10 - 6 = 0. Let m(f) = -f**3 - 5*f**2 - 2*f. Calculate m(h).
-8
Let m(g) = g**2 - 4. Let c be m(4). Let a(r) = -r**3 + r**2 + 3. Let i be a(0). Suppose -2*k + t - 2 = -0*t, -i*k - 3*t = c. Let z(f) = 4*f + 3. Determine z(k).
-5
Let t(d) = -2 - 13*d + 2*d - 4*d**2 + 8*d - d**3. Give t(-4).
10
Let i(j) be the third derivative of -7/6*j**3 + 0 - 1/60*j**5 + 0*j - 1/3*j**4 - 3*j**2. What is i(-5)?
8
Suppose 2*g + h + h = 0, 3*g - h - 12 = 0. Let i(o) = g + 1 + 6*o**2 + o**3 - 4*o + 6*o + 5*o. Calculate i(-5).
-6
Let v(h) = h**3 + h**2 - 1. Let x(z) = 5*z**3 + 8*z**2 - 7*z - 4. Let t(i) = 4*v(i) - x(i). 